s -46 - (-1 - (5 + -5)) - (82 - 93)?
-34
Calculate 4369 + -4391 - (1 + (16 - 0)).
-39
What is 26 + -1 - (183 - (-27 + 130))?
-55
What is 0 + -62 + 2145 + -2180?
-97
Calculate 60 + -11 + 15 + -9.
55
0 + -3 - -18 - (-66 + 61 - -14)
6
Calculate -10 + -22 + -20 + (-2 - -18).
-36
What is the value of (-282 - -283) + (6 - 4 - -4) + 72?
79
Evaluate 33 - 14 - (196 + -191 - (-7 + 0 + 2)).
9
What is the value of -4 - -8 - -23 - (11 + -8 - 10)?
34
-12 + (60 - (7 + (-10 - -12) + 1))
38
(32 - 82 - -22 - -57) + -3
26
What is the value of -1 + 1 + 7 - (-45 + (14 - 7) + 40)?
5
Evaluate 28 - (122 + -183 + 31 + -8).
66
What is 19 + -18 - (-32 + 0 + (10 - 9) - 1)?
33
What is the value of (-101 - -3) + (1097 - 1045)?
-46
Evaluate 1 - (-66 + -1) - (243 + -523 + 260).
88
1 + 7 + -5 - -15 - (482 - 553)
89
What is -2 + (6 + -31 - (-8 - 10)) - 3?
-12
What is the value of (-70 - 1) + -417 + 463?
-25
Evaluate 23 + 28 + -14 - 13 - -31.
55
(-24 - -4) + (6 - (-58 - -13))
31
0 + (81 - (43 + 119))
-81
Evaluate 171 + -336 - -67 - (10 + 1).
-109
Calculate (0 - -7) + 6 + -21 + -3.
-11
What is the value of -50 + -35 + (41 - 1)?
-45
1 + (-268 - -149) - -109
-9
What is the value of -1 + (3 - (6 - 1 - 10) - 18) + -30?
-41
What is 98 + -109 - 21 - (-13 + -1)?
-18
Calculate (-31 - 19) + 162 + -55.
57
Evaluate -69 + (-37 - -138 - 100).
-68
Calculate (0 + -7 + 11 - 44) + -5 + 4 + -9.
-50
What is (4 - 12 - -17) + -7 + (5 - -3)?
10
-24 + (26 - 62) - -19
-41
Evaluate (33 - 18) + -5 + -26 + 26.
10
What is 46 - (17 - (69 - (19 - 37)))?
116
What is the value of 5 + 54 + -41 + (3 - -12)?
33
Evaluate -78 + (25 + -14 - 36) + 59.
-44
23 + -40 + -4 + 60
39
56 + -86 - (-92 - 1)
63
Evaluate -17 + 5 + -26 + 65.
27
Calculate (-16 - 7) + 22 + 29 + -88.
-60
What is -103 + -11 + -14 + 37?
-91
Calculate 77 + -67 - 90 - (-15 - -2).
-67
What is the value of (1874 - 1918) + 24 + 0 + 107?
87
What is the value of (-67 - -6) + (-113 - -131)?
-43
Calculate 1 + 54 + (-35 - (-31 + 1)) + 17 + 1.
68
Calculate 7333 + -7336 - (11 + (1 - 2) + 0).
-13
What is the value of (-5 + -8 - 0 - -22) + -3 + 57 + -14?
49
Calculate 1 + 11 + (-69 - -102) - -11 - 1.
55
(-266 - -300) + -4 + -10 - 30
-10
-28 - (0 + -13) - -26
11
What is the value of (-1 - 1 - (-14 + -19 - -29)) + (32 - 10)?
24
Evaluate 45 + (9 - 74) + 78.
58
Evaluate (27 - 22) + (2 + -59 - -4).
-48
Calculate 21 - (-24 - (15 - 31) - -26).
3
Evaluate -26 + -16 + -13 + 5 + -23.
-73
What is (-32 - -17 - 16) + (16 - (1 - -1))?
-17
Calculate -58 + 8 + -9 + (2 - (6 - -8) - -3).
-68
-1664 + 1653 + 1 + 7 + -1
-4
What is (1 + -11 - -13 - (-7 - 0)) + (-29 - -21)?
2
-127 + -1 - ((857 - 850) + (0 - 28))
-107
Evaluate -81 - (54 + -184) - 29.
20
What is (-2 - -1) + (-10 + 5 + 3 - -14)?
11
What is the value of -7 - 8 - (18 + -17 - 7)?
-9
What is the value of (-72 - (-16 + -12) - -27) + 27?
10
What is 33 - (-45 + (118 - 44))?
4
What is 19 + (159 + -33 - 91)?
54
Evaluate 38 + -5 + 184 + -224 - (99 + 2).
-108
-133 + 215 + (15 - 25)
72
Calculate -108 + -61 + 224 + -66.
-11
What is the value of (-16 - (-16 + 75 - 11)) + 7 + 1 + 8?
-48
Evaluate 5 - ((-74 - 0) + 46).
33
Evaluate (30 - 21) + -2 + (-1 - 13).
-7
(32 - 23) + (17 - (59 - (21 + -7)))
-19
-17 - 6 - -17 - ((-49 - -2) + (22 - 28))
47
Calculate -2 - (2 + 4 + 5 + -17) - 12.
-8
Calculate 22 - -2 - 2 - 1 - (-16427 - -16367).
81
What is -26 + -3 - -55 - 49?
-23
What is -100 - (-44 + 57 - (40 + 2))?
-71
Evaluate -23 - 27 - (-17 - 0) - 12.
-45
What is the value of 0 + -4 + 25 + 7 + 56 - -6?
90
Calculate -52 - -4 - (-2 - 9 - (9 - (5 - -15))).
-48
What is the value of (-3 - (1 + -1)) + (130 - 135) - -36?
28
What is (-226 - -122 - -126) + 48?
70
Evaluate -2 - ((-9 - -1) + -195 + 199 - -8) - 7.
-13
Evaluate -53 + -119 + 63 + 77.
-32
What is (-39 - -66) + (-14 - (-1 + -45))?
59
Calculate 5 + (35 + (-17 - 12) + 13 - 24).
0
What is the value of (7 - 7) + 11 + (-2 - (8 + -10 - -66))?
-55
Calculate (-1 - 0) + -13 - (-193 - -200).
-21
What is the value of 0 + -1 + 2 - 20 - (-96 - (96 - 187))?
-14
What is the value of -43 - ((12 - (76 + -13)) + 22)?
-14
What is the value of 0 + 90 + (-2 + 30 + (-16 - -2) - 17)?
87
34 + 5 + (-18 - 17)
4
What is the value of (-9 - -3) + (-19 + -7 - 5 - 20)?
-57
What is the value of 3 + -22 + (16 - -3) + 28?
28
0 - (8 - (-3 + 5 - (16 + -16)))
-6
Evaluate (-141 - -80) + -4 + 8 + -4.
-61
(-212 + -14 - (542 - 626)) + (-1 - (-14 - 0))
-129
What is the value of -78 - (-87 - (-19 + -30))?
-40
Calculate (329 - 298) + (-4 - (1 - 15 - 1)).
42
What is 63 + (-1 + 19 - ((-70 - -97) + -10))?
64
Evaluate 80 - 2 - ((2834 - 2815) + (-31 - 1)).
91
What is the value of 76 - 41 - 71 - -8?
-28
Calculate (6 + -5 - 15) + -107 + 121.
0
Evaluate -5 + 48 - 53 - -41.
31
What is (278 - 299) + (1 - -14)?
-6
Calculate -21 - (99 + 78 + -114).
-84
Evaluate -87 - -39 - 9 - -82.
25
What is the value of -4407 - -4360 - (-4 + (-2 - -1) - (-2 + 1))?
-43
What is 116 + (-8 - 29 - -5)?
84
Evaluate (1 - 53) + -1222 + 1260.
-14
What is the value of 30 - (329 + -300 - (12 + -3))?
10
Evaluate (-9062 - -9013) + 34 + -1.
-16
6 + (39 - (37 - 15)) + -25
-2
What is 44 + (12 + -17 + 25 - -16)?
80
4 + (4 - 1 - 1) - (219 - (-217 + 439))
9
Calculate -48 - (6 - ((4 + -8 - -3 - 8) + 13)).
-50
What is the value of 10 + 4 + (-3 - 33) + 37?
15
Calculate -2 - 4 - (-54 + 40 - -32).
-24
What is the value of -16 + 13 + -44 + 7 + 8 - -16 - 60?
-76
What is the value of -46 - (-79 - -37 - 30)?
26
(26 - 1 - (186 + -155)) + 23 - (3 + 1)
13
What is the value of (-21 - (51 - -8)) + 36?
-44
Evaluate -19 - 17 - (54 + -81) - (-73 + -3).
67
Calculate (-91 + 0 - (147 + -175)) + -14.
-77
What is 12 - 7 - (40 - -1) - (9 - (1 - -17))?
-27
What is the value of 35 - (-667 + 691 + 39 + 0)?
-28
What is 3 + -3 + -49 + 33 + -8?
-24
What is 144 + 123 + 3 + -148?
122
What is the value of -14 - (33 - (57 - 40 - -1))?
-29
Calculate -4 + 0 + (-24 - (14 + -17)).
-25
What is the value of -9 + 3 + 17 + -8 + 3 + (-2 - 8)?
-4
-1 + -6 + (-30 - -32 - -34)
29
What is the value of 0 - -82 - (7890 + -7853)?
45
Evaluate (1 - 0) + (-21 - -31) + 12 + 2.
25
(-77 + 75 - (1 + 4 + -6)) + (105 - 1)
103
What is the value of 30 - (10 + -13 + 9)?
24
What is the value of (-56 - -31) + -9 - (49 + -4)?
-79
What is (21 - 3 - (15 + -8)) + (3 - 45)?
-31
-15 + (17 - (10 + (-4 - 0) - 20))
16
Evaluate -19 + (-109 - -113) + (-3 - -10).
-8
(1 - (42 - 76)) + (2 - 10)
27
What is the value of 27 - (7 + -21 + 35 + -10 - 14)?
30
Evaluate -27 + 41 - (-7 + (5 - 7) + 65).
-42
Calculate (-14 - -7) + 4 + 5 + 14 + 27.
43
What is the value of -147 + 159 - (-59 - -1)?
70
Calculate (-13 - (-12 + -14)) + (-18 - (7 + -6)).
-6
What is 78 - 79 - (-9 - -33 - (3 - -2))?
-20
Evaluate 30 + (26 - 45) + (11 - 7).
15
What is the value of (11 - (18 - (-4 - -12)) - 9) + -12 + 2?
-18
Evaluate 10 + (28 + -16 - (-3 + 18)) + 2.
9
Calculate 3 - 3 - (-1 - -20 - (-27 - -35) - 58).
47
6 + (-15 - -3) + 36 - 3
27
22 + 22 + (-22 - -32) + -54 - (1 - -1)
-2
-12 + 60 + (17 - 16) + -12 + -1
36
Calculate -77 - -80 - (-27 - (0 - -8 - 1)).
37
Evaluate -29 + -1 + -16 + 39 - -14.
7
What is the value of 87 + 14 + (11 - 10 - 12)?
90
-7 + 2 + -2 + (-29 - (-60 + 17) - -26)
33
What is (73 - 1) + -1 - (62 + 1 + (-370 - -306))?
72
Calculate 0 + 63 - (25 + 1 + (1659 - 1670)).
48
What is (3 - -20) + (27 - 61)?
-11
What is (-1 - -6 - (16 + (25 - 38))) + 22?
24
Evaluate -24 + (-43 - -50) + 48 - 41.
-10
What is the value of -20 + 78 - 109 - 80?
-131
What is 0 - -4 - (0 - -2) - (-44 - -36 - -77)?
-67
What is -11 - (-2 + -4 - (9 + -3) - -35)?
-34
0 + 2 + (79 - 57 - -2)
26
81 + -58 - (7 + -6 - 27)
49
Evaluate (-49 - (46 - -100)) + 119.
-76
What is the value of -66 + (5 - (-56 + 13))?
-18
14 + -2 + 12 + -53 + 16 - -64
51
What is (-4 - (-10 - (-2 - -4))) + 1235 + -1327?
-84
What is 10 + -23 - (-5 - -1 - 5) - (-42 - -3)?
35
What is the value of (-17 - (-15 + -7)) + (0 - 4) - (145 - 38)?
-106
Evaluate (3 - 9) + (17 + 10 - -3 - -20).
44
-137 + 125 - (0 + -4 - (18 - 27))
-17
What is (142 - 142) + (1 - -3) + 18?
22
Evaluate (-21 - 0 - ((3 - -24) + -32)) + -17.
-33
Calculate -16 + (-47 - -81) + -10.
8
Evaluate (36 + (-64 - -27) - (-12 + 2)) + 17.
26
What is the value of (-39 - (-6 + -37 + 23)) + 72?
53
Calculate (3 - 7 - ((-23 - -6) + 3)) + -6.
4
What is the value of (-149 - -2) + 26 + -17 + 4 + 37 